419
What are the prime factors of 45235334?
2, 17, 103, 12917
What are the prime factors of 64542131?
79, 101, 8089
What are the prime factors of 287380122?
2, 3, 73, 656119
What are the prime factors of 5984198676?
2, 3, 6156583
What are the prime factors of 61926901?
317, 195353
What are the prime factors of 65534808?
2, 3, 83, 167, 197
List the prime factors of 34048383.
3, 809, 14029
List the prime factors of 82200048.
2, 3, 7, 34949
What are the prime factors of 7125091180?
2, 5, 3701, 96259
What are the prime factors of 343704307?
131, 281, 9337
What are the prime factors of 224739856?
2, 11, 1039, 1229
List the prime factors of 8117297656.
2, 13, 71, 1099309
List the prime factors of 106902304.
2, 3340697
What are the prime factors of 23054876?
2, 13, 443363
List the prime factors of 14991347.
7, 29, 73849
List the prime factors of 142388799.
3, 7, 6780419
What are the prime factors of 115351317?
3, 251, 17021
What are the prime factors of 2281211935?
5, 1663, 274349
What are the prime factors of 243772085?
5, 101, 482717
List the prime factors of 45826789.
45826789
List the prime factors of 474768240.
2, 3, 5, 1978201
List the prime factors of 23553596.
2, 11, 73, 7333
List the prime factors of 3652521520.
2, 5, 45656519
List the prime factors of 198644117.
7, 28377731
What are the prime factors of 54821147?
54821147
What are the prime factors of 1558373509?
7, 11, 413033
What are the prime factors of 3907538?
2, 61, 32029
List the prime factors of 1188232264.
2, 148529033
List the prime factors of 1800235125.
3, 5, 13, 47, 97
What are the prime factors of 3326453676?
2, 3, 7, 13, 89, 3803
List the prime factors of 1691330186.
2, 7, 13, 1187, 7829
List the prime factors of 198119033.
7, 23, 61, 20173
List the prime factors of 49363726.
2, 223, 110681
List the prime factors of 54224044.
2, 7, 131, 14783
What are the prime factors of 47315190?
2, 3, 5, 13, 121321
List the prime factors of 31779687.
3, 10593229
What are the prime factors of 56415538?
2, 1669, 16901
What are the prime factors of 121723099?
121723099
What are the prime factors of 38927625?
3, 5, 11, 9437
List the prime factors of 1075644960.
2, 3, 5, 13, 223, 773
List the prime factors of 126411398.
2, 61, 101, 10259
What are the prime factors of 133896942?
2, 3, 79, 31387
List the prime factors of 45178698.
2, 3, 7529783
What are the prime factors of 219176397?
3, 11, 193, 11471
List the prime factors of 94132695.
3, 5, 29, 216397
List the prime factors of 1475468984.
2, 11, 211, 229, 347
What are the prime factors of 664057059?
3, 3581, 61813
List the prime factors of 1635788602.
2, 7, 116842043
List the prime factors of 425509244.
2, 983, 108217
List the prime factors of 379269360.
2, 3, 5, 526763
What are the prime factors of 27475944?
2, 3, 17, 67343
List the prime factors of 1557990305.
5, 311598061
List the prime factors of 287864355.
3, 5, 3271, 5867
What are the prime factors of 18313610?
2, 5, 7, 397, 659
List the prime factors of 931257317.
19, 151, 324593
List the prime factors of 208400843.
7, 2269, 13121
What are the prime factors of 107877049?
7, 15411007
List the prime factors of 428781338.
2, 967, 221707
List the prime factors of 239436500.
2, 5, 17, 1657
What are the prime factors of 2615815891?
13, 17, 11836271
What are the prime factors of 240967975?
5, 19, 507301
What are the prime factors of 73439043?
3, 37, 661613
List the prime factors of 74737543.
74737543
List the prime factors of 620090262.
2, 3, 11, 1043923
What are the prime factors of 4863005733?
3, 163, 191, 52067
List the prime factors of 1077998440.
2, 5, 19, 29, 59, 829
List the prime factors of 84047190.
2, 3, 5, 2801573
What are the prime factors of 939236992?
2, 7337789
List the prime factors of 38077961.
577, 65993
List the prime factors of 161276483.
23, 239, 29339
List the prime factors of 35161448.
2, 7, 131, 4793
List the prime factors of 1958030.
2, 5, 103, 1901
List the prime factors of 14566765.
5, 2913353
List the prime factors of 1420116049.
11, 129101459
List the prime factors of 1318735939.
31, 42539869
List the prime factors of 79031147.
13, 17, 277, 1291
What are the prime factors of 14304229?
23, 621923
List the prime factors of 1015758761.
547, 1856963
What are the prime factors of 855078677?
157, 5446361
List the prime factors of 804478455.
3, 5, 11, 1625209
What are the prime factors of 101383113?
3, 13, 31, 83857
List the prime factors of 22016406.
2, 3, 37, 99173
List the prime factors of 568172726.
2, 11, 23, 1033, 1087
What are the prime factors of 1216275481?
19, 2273, 28163
What are the prime factors of 106065220?
2, 5, 19, 279119
List the prime factors of 1549472.
2, 41, 1181
What are the prime factors of 13720809?
3, 131, 34913
What are the prime factors of 310702787?
131, 193, 12289
What are the prime factors of 1002596734?
2, 501298367
List the prime factors of 569621818.
2, 23, 12383083
List the prime factors of 574648931.
47, 12226573
List the prime factors of 681184931.
7, 641, 151813
What are the prime factors of 8742208?
2, 23, 5939
What are the prime factors of 65496966?
2, 3, 10916161
List the prime factors of 30292442.
2, 67, 226063
List the prime factors of 1139219726.
2, 43, 359, 36899
What are the prime factors of 104474664?
2, 3, 7, 9871
List the prime factors of 31722708.
2, 3, 2643559
What are the prime factors of 104142266?
2, 52071133
List the prime factors of 336278535.
3, 5, 491, 45659
What are the prime factors of 41733080?
2, 5, 41, 25447
List the prime factors of 5648977.
47, 263, 457
List the prime factors of 1663840.
2, 5, 10399
List the prime factors of 213043666.
2, 11, 9683803
What are the prime factors of 25622989?
7, 23, 61, 2609
What are the prime factors of 26981849?
26981849
List the prime factors of 20861821.
37, 661, 853
List the prime factors of 114733716.
2, 3, 157, 60899
What are the prime factors of 59257161?
3, 607, 10847
List the prime factors of 7068465180.
2, 3, 5, 7, 821, 6833
List the prime factors of 215379290.
2, 5, 7, 17, 241, 751
List the prime factors of 2099178656.
2, 73, 898621
What are the prime factors of 2384865464?
2, 31, 9616393
What are the prime factors of 22632219?
3, 17, 53, 2791
List the prime factors of 102462721.
102462721
List the prime factors of 1795616907.
3, 7, 19, 642899
What are the prime factors of 811658945?
5, 162331789
What are the prime factors of 1049257792?
2, 11, 23, 43, 137
What are the prime factors of 219735265?
5, 541, 81233
List the prime factors of 277006230.
2, 3, 5, 341983
List the prime factors of 177474914.
2, 47, 1888031
What are the prime factors of 26185174?
2, 503, 26029
What are the prime factors of 410532404?
2, 47, 2183683
List the prime factors of 218915517.
3, 97, 752287
What are the prime factors of 4462555772?
2, 23, 31, 61, 113, 227
What are the prime factors of 49709214?
2, 3, 306847
List the prime factors of 581421880.
2, 5, 13, 97, 11527
List the prime factors of 136315907.
7, 13, 61, 1889
What are the prime factors of 384901546?
2, 192450773
What are the prime factors of 177857060?
2, 5, 17, 523109
List the prime factors of 150777913.
11, 13, 17, 367
What are the prime factors of 112310746?
2, 56155373
What are the prime factors of 11296640?
2, 5, 19, 929
What are the prime factors of 80091983?
41, 1953463
What are the prime factors of 47484539?
5189, 9151
What are the prime factors of 123267352?
2, 13, 317, 3739
What are the prime factors of 394658860?
2, 5, 163, 121061
List the prime factors of 17128132.
2, 7, 107, 5717
What are the prime factors of 1353026657?
1353026657
List the prime factors of 6486868.
2, 1621717
What are the prime factors of 997979430?
2, 3, 5, 7, 23, 367, 563
List the prime factors of 612258191.
612258191
What are the prime factors of 1306482974?
2, 653241487
List the prime factors of 38380971.
3, 109, 117373
List the prime factors of 302621313.
3, 103, 487, 2011
List the prime factors of 79220225.
5, 7, 452687
List the prime factors of 80230850.
2, 5, 7, 41, 5591
List the prime factors of 307510744.
2, 19, 2023097
List the prime factors of 1162932768.
2, 3, 1345987
What are the prime factors of 370738353?
3, 123579451
List the prime factors of 6241630562.
2, 149, 233, 241, 373
List the prime factors of 98960139.
3, 67, 164113
Wh